hat is 10 + 332131?
332201
In base 16, what is 65d - -5?
662
In base 15, what is -948 + -3?
-94b
In base 2, what is 100 - 1100110?
-1100010
In base 7, what is 62226 + -2?
62224
In base 14, what is 1985 + 4?
1989
In base 12, what is 1 + -5a?
-59
In base 4, what is 1 - -33303?
33310
In base 10, what is 4 + -916?
-912
In base 8, what is -2404 - 1?
-2405
In base 12, what is -3 + -34?
-37
In base 4, what is -212232 - 11?
-212303
In base 15, what is 22 - -23?
45
In base 5, what is 11 + 10413?
10424
In base 15, what is 8 - 3?
5
In base 5, what is -20323 + 3?
-20320
In base 4, what is 32 + -120?
-22
In base 14, what is d5a - -1?
d5b
In base 3, what is 11200 + 112?
12012
In base 9, what is -5 + -740?
-745
In base 13, what is -107 - -6?
-101
In base 13, what is a - -37a?
387
In base 13, what is -1b9 + 2?
-1b7
In base 14, what is 41 - 4?
3b
In base 13, what is 1b34 - 5?
1b2c
In base 15, what is -17 + -2a2?
-2b9
In base 12, what is 0 + -710?
-710
In base 15, what is 10 - 347?
-337
In base 9, what is -35 + 14?
-21
In base 12, what is 2 - 213?
-211
In base 16, what is -61 + 4?
-5d
In base 5, what is 10143 + 40?
10233
In base 8, what is 1421 + 6?
1427
In base 9, what is -1123 - -5?
-1117
In base 14, what is -18b + 1?
-18a
In base 10, what is -2536 + 5?
-2531
In base 10, what is 51 + -19?
32
In base 9, what is 23 + -5?
17
In base 12, what is -5 + 6?
1
In base 10, what is -2663 + -2?
-2665
In base 9, what is -5 + 50?
44
In base 11, what is -61a + -2?
-621
In base 13, what is 2c9 + -1?
2c8
In base 7, what is -303 - -3?
-300
In base 5, what is 2 + -1030?
-1023
In base 7, what is 466 + 13?
512
In base 10, what is -3 + 26?
23
In base 3, what is 1101 + 11112?
12220
In base 13, what is 3 - -475?
478
In base 11, what is 11026 + -3?
11023
In base 8, what is -4 + -377?
-403
In base 7, what is 12 - 30?
-15
In base 5, what is -1034340 + 4?
-1034331
In base 3, what is 200212 + 21?
201010
In base 15, what is -6 + 38?
32
In base 9, what is -1 + -46?
-47
In base 13, what is -3 - -109?
106
In base 13, what is 4 + -69?
-65
In base 7, what is -3 - -16664?
16661
In base 6, what is -24 - 314?
-342
In base 7, what is 223 - -3?
226
In base 4, what is 2102 - 3?
2033
In base 9, what is -5 - -70?
64
In base 16, what is 164 + -a?
15a
In base 5, what is -4 - -222?
213
In base 11, what is 4 - -1231?
1235
In base 4, what is 22331 - 0?
22331
In base 7, what is -2554 + -3?
-2560
In base 7, what is 461246 - 5?
461241
In base 2, what is 10 - -101100101?
101100111
In base 4, what is 3 + -1201?
-1132
In base 6, what is 3 + 34?
41
In base 12, what is -a + 3a?
30
In base 14, what is -4 - 34?
-38
In base 8, what is 1104 - -5?
1111
In base 2, what is 10 + 1010100110010?
1010100110100
In base 4, what is -12320 + 0?
-12320
In base 2, what is -11 - -11111110011?
11111110000
In base 9, what is -14 + -8?
-23
In base 13, what is -6 - 91?
-97
In base 16, what is -3 + 104c?
1049
In base 3, what is 0 - 210010?
-210010
In base 12, what is -2 + -114?
-116
In base 14, what is 2 - -29?
2b
In base 7, what is -24 + -51?
-105
In base 13, what is 4 - -167?
16b
In base 11, what is -a + -12?
-21
In base 10, what is -7 + 465?
458
In base 4, what is -32331 - -11?
-32320
In base 4, what is -120102 - 11?
-120113
In base 16, what is c - -2?
e
In base 16, what is 63d + -4?
639
In base 11, what is 4 - -23a?
243
In base 14, what is -4a + a?
-40
In base 13, what is 49 - -5?
51
In base 14, what is 3 + -13?
-10
In base 16, what is 7 + -2d9?
-2d2
In base 12, what is -3 - -38?
35
In base 15, what is 19b + -10?
18b
In base 5, what is 23 - 1002?
-424
In base 4, what is -10230 - 0?
-10230
In base 11, what is 2227 - 3?
2224
In base 10, what is -269 - 5?
-274
In base 6, what is -101 + -23?
-124
In base 15, what is 15 + -28?
-13
In base 6, what is 2443 - 25?
2414
In base 8, what is 3 + -414?
-411
In base 2, what is 1 + 110001?
110010
In base 16, what is 1 - 2f?
-2e
In base 11, what is -1 + 1127?
1126
In base 8, what is 51 + 13?
64
In base 6, what is -350 - -54?
-252
In base 6, what is -3 - 1002?
-1005
In base 14, what is -c27 - -7?
-c20
In base 7, what is 4624 + 24?
4651
In base 4, what is 11 - -21031?
21102
In base 3, what is -1 - 200020?
-200021
In base 16, what is -b7 - 2?
-b9
In base 7, what is 6 - -21334?
21343
In base 4, what is -20203 + -11?
-20220
In base 14, what is -34 - 1d?
-53
In base 11, what is 214 + -4?
210
In base 10, what is -2 - -30?
28
In base 6, what is 2023 - 21?
2002
In base 7, what is -1233 + -5?
-1241
In base 2, what is 11 + 10111001111?
10111010010
In base 2, what is -11 + 10110100001?
10110011110
In base 13, what is 12 - -50?
62
In base 14, what is 4a + 11?
5b
In base 13, what is -1b - -2?
-19
In base 3, what is -10 + -1122?
-1202
In base 6, what is -1122 - 2?
-1124
In base 6, what is 1255 - 2?
1253
In base 2, what is 11010011100000 - 11?
11010011011101
In base 2, what is 100 - -101011101000?
101011101100
In base 15, what is 8 + -1a?
-12
In base 4, what is 1 + -101?
-100
In base 8, what is -56 - -1?
-55
In base 9, what is -1320 + -6?
-1326
In base 6, what is -5 - -1215?
1210
In base 11, what is 1 + -44?
-43
In base 8, what is 4 + -1235?
-1231
In base 7, what is -431 - -1?
-430
In base 11, what is -5 - 42?
-47
In base 12, what is -267 + 2?
-265
In base 10, what is 4161 - -2?
4163
In base 10, what is -2 + -2150?
-2152
In base 2, what is 101011100 - -101?
101100001
In base 4, what is 221 + -11?
210
In base 14, what is -955 + -2?
-957
In base 2, what is 10000010 + -100000?
1100010
In base 12, what is 1 - 1624?
-1623
In base 7, what is -5 + -1361?
-1366
In base 5, what is -103 - 1?
-104
In base 2, what is -110110011000 - -10?
-110110010110
In base 6, what is -2 - 2342?
-2344
In base 10, what is 0 - 266?
-266
In base 16, what is 0 + -13a?
-13a
In base 7, what is -130 - -23?
-104
In base 3, what is 0 - -1010?
1010
In base 15, what is 5 - 4a?
-45
In base 12, what is 5a - 15?
45
In base 6, what is 35344 - 3?
35341
In base 9, what is 5433 + 1?
5434
In base 9, what is -113 - 17?
-131
In base 10, what is -3 - 365?
-368
In base 16, what is 21 - 3?
1e
In base 14, what is -1a13 - 0?
-1a13
In base 13, what is -1 - -1004?
1003
In base 12, what is 16786 + -5?
16781
In base 5, what is 120 - -33?
203
In base 5, what is -3 - 33011?
-33014
In base 15, what is 2 + -331?
-32e
In base 3, what is 20 - -212?
1002
In base 15, what is -c + -1e?
-2b
In base 3, what is 20 - 20010?
-12220
In base 4, what is 21 - 121?
-100
In base 9, what is 2 - 1140?
-1137
In base 16, what is b - -c?
17
In base 3, what is -11 - 11100?
-11111
In base 13, what is 4 + 2a?
31
In base 15, what is -25 + -a?
-30
In base 15, what is 15 - 50e?
-4e9
In base 15, what is 58 - 15?
43
In base 9, what is 3 + -168?
-165
In base 6, what is 0 - -1124?
1124
In base 2, what is -101 - -1111100111?
1111100010
In base 16, what is 247 + -7?
240
In base 9, what is 5 + -1308?
-1303
In base 15, what is -12d - 0?
-12d
In base 5, what is -10 - 4?
-14
In base 9, what is 3702 - -1?
3703
In base 3, what is 121011 + -2?
121002
In base 14, what is -20 + 11?
-d
In base 10, what is -3 - 217?
-220
In base 15, what is -5 + 14?
e
In base 2, what is -10111 + 100?
-10011
In base 8, what is 5 + -171?
-164
In base 4, what is 12 + 123?
201
In base 5, what is 0 + 4012?
4012
In base 15, what is 5 + 2e?
34
In base 16, what is 39 + 9?
42
In base 14, what is -261 - 3?
-264
In base 8, what is 40 + 3?
43
In base 9, what is -1 + -47?
-48
In base 13, what is -ab + -25?
-103
In base 16, what is -ee - 1?
-ef
In base 2, what is -10000 + 1001?
-111
In base 10, what is 3 - 130?
-127
In base 11, what is 3 - 6a?
-67
In base 6, what is -133 + -22?
-155
In base 15, what is 2 - 55?
-53
In base 10, what is -3051 - 2?
-3053
In base 8, what is -12 + -343?
-355
In base 14, what is d - -25?
34
In base 3, what is -2 + 10021?
10012
In base 6, what is -1120 - 3?
-1123
In base 5, what is 11323 - -1?
11324
In base 3, what is -102011 + 1?
-102010
In base 8, what is 342 - -2?
344
In base 10, what is 10 - 63?
-53
In base 2, what is -1100 - -1101011011?
1101001111
In base 5, what is -22 - 102?
-124
In base 9, what is -243 - -3?
-240
In base 3, what is 20000 + 101?
20101
In base 2, what is 11 - -1000100?
1000111
In base 2, what is -11 - 11100011101?
-11100100000
In base 5, what is 4231 + 121?
4402
In base 16, what is 29 - 0?
29
I